{"id":838,"date":"2016-11-22T21:33:40","date_gmt":"2016-11-22T20:33:40","guid":{"rendered":"http:\/\/www.davidinclan.com\/?page_id=838"},"modified":"2023-03-16T19:48:21","modified_gmt":"2023-03-16T18:48:21","slug":"bio","status":"publish","type":"page","link":"https:\/\/www.davidinclan.com\/index.php\/bio\/","title":{"rendered":"Bio"},"content":{"rendered":"<p style=\"text-align: justify;\">Licenciado en Antropolog\u00eda Social y Cultural por la Universidad de Deusto y con formaci\u00f3n en el Centro de Fotograf\u00eda Contempor\u00e1nea de Bilbao, su trabajo se ha podido ver en distintas publicaciones y exposiciones, adem\u00e1s de formar parte del fondo de obra del CFC Bilbao y del Ayuntamiento de Le\u00f3n entre otros.<\/p>\n<p style=\"text-align: justify;\">Autor de tres libros, ha obtenido distinciones como la VII Beca Fotogr\u00e1fica AFTM y el I Certamen EX+S Expositivos 21-Le\u00f3n es Photo.<\/p>\n<p style=\"text-align: justify;\">A nivel internacional ha participado en la exposici\u00f3n <em>Fotolibros Iberoamericanos de la Feria del Libro de Fotograf\u00eda de Lisboa<\/em> (Portugal), en la <em>III Edici\u00f3n de Slideluck Montevideo<\/em> (Uruguay) y en el <em>Fotofestival Solar de Fortaleza<\/em> (Brasil).<\/p>\n<p style=\"text-align: justify;\">Como docente, ha impartido formaci\u00f3n en el Centro de Fotograf\u00eda Contempor\u00e1nea de Bilbao y ha colaborado con el M\u00e1ster en Fotograf\u00eda PhotoESPA\u00d1A \/ PIC.A.<\/p>\n","protected":false},"excerpt":{"rendered":"<p>Licenciado en Antropolog\u00eda Social y Cultural por la Universidad de Deusto y con formaci\u00f3n en el Centro de Fotograf\u00eda Contempor\u00e1nea de Bilbao, su trabajo se ha podido ver en distintas publicaciones y exposiciones, adem\u00e1s de formar parte del fondo de obra del CFC Bilbao y del Ayuntamiento de Le\u00f3n entre otros. Autor de tres libros, [&hellip;]<\/p>\n","protected":false},"author":1,"featured_media":0,"parent":0,"menu_order":0,"comment_status":"closed","ping_status":"closed","template":"","meta":{"footnotes":""},"class_list":["post-838","page","type-page","status-publish","hentry"],"_links":{"self":[{"href":"https:\/\/www.davidinclan.com\/index.php\/wp-json\/wp\/v2\/pages\/838","targetHints":{"allow":["GET"]}}],"collection":[{"href":"https:\/\/www.davidinclan.com\/index.php\/wp-json\/wp\/v2\/pages"}],"about":[{"href":"https:\/\/www.davidinclan.com\/index.php\/wp-json\/wp\/v2\/types\/page"}],"author":[{"embeddable":true,"href":"https:\/\/www.davidinclan.com\/index.php\/wp-json\/wp\/v2\/users\/1"}],"replies":[{"embeddable":true,"href":"https:\/\/www.davidinclan.com\/index.php\/wp-json\/wp\/v2\/comments?post=838"}],"version-history":[{"count":31,"href":"https:\/\/www.davidinclan.com\/index.php\/wp-json\/wp\/v2\/pages\/838\/revisions"}],"predecessor-version":[{"id":2154,"href":"https:\/\/www.davidinclan.com\/index.php\/wp-json\/wp\/v2\/pages\/838\/revisions\/2154"}],"wp:attachment":[{"href":"https:\/\/www.davidinclan.com\/index.php\/wp-json\/wp\/v2\/media?parent=838"}],"curies":[{"name":"wp","href":"https:\/\/api.w.org\/{rel}","templated":true}]}}

<p style="text-align: justify;">Licenciado en Antropología Social y Cultural por la Universidad de Deusto y con formación en el Centro de Fotografía Contemporánea de Bilbao, su trabajo se ha podido ver en distintas publicaciones y exposiciones, además de formar parte del fondo de obra del CFC Bilbao y del Ayuntamiento de León entre otros.</p>
<p style="text-align: justify;">Autor de tres libros, ha obtenido distinciones como la VII Beca Fotográfica AFTM y el I Certamen EX+S Expositivos 21-León es Photo.</p>
<p style="text-align: justify;">A nivel internacional ha participado en la exposición <em>Fotolibros Iberoamericanos de la Feria del Libro de Fotografía de Lisboa</em> (Portugal), en la <em>III Edición de Slideluck Montevideo</em> (Uruguay) y en el <em>Fotofestival Solar de Fortaleza</em> (Brasil).</p>
<p style="text-align: justify;">Como docente, ha impartido formación en el Centro de Fotografía Contemporánea de Bilbao y ha colaborado con el Máster en Fotografía PhotoESPAÑA / PIC.A.</p>

<p>Licenciado en Antropología Social y Cultural por la Universidad de Deusto y con formación en el Centro de Fotografía Contemporánea de Bilbao, su trabajo se ha podido ver en distintas publicaciones y exposiciones, además de formar parte del fondo de obra del CFC Bilbao y del Ayuntamiento de León entre otros. Autor de tres libros, [&hellip;]</p>
