{"id":844,"date":"2016-11-24T16:05:44","date_gmt":"2016-11-24T15:05:44","guid":{"rendered":"http:\/\/www.davidinclan.com\/?page_id=844"},"modified":"2023-03-15T16:48:15","modified_gmt":"2023-03-15T15:48:15","slug":"cv","status":"publish","type":"page","link":"https:\/\/www.davidinclan.com\/index.php\/cv\/","title":{"rendered":"CV"},"content":{"rendered":"<p>EXPOSICIONES INDIVIDUALES:<\/p>\n<ul>\n<li><em>Cartograf\u00eda de lo extra\u00f1o<\/em>, EX+S Expositivos21-Le\u00f3n es Photo. El Palac\u00edn, Le\u00f3n. 2021<\/li>\n<li><i>Syrma<\/i>, Festival Mirades. Museo Palau Solterra- Fundaci\u00f3n Vila Casas, Torroella de Montgr\u00ed (Girona). 2021<\/li>\n<li><em>Radix, <\/em>Viphoto Fest\u00b421. Intervenci\u00f3n en espacio p\u00fablico, Vitoria-Gasteiz (\u00c1lava). 2021<\/li>\n<li><em>Piel de oto\u00f1o<\/em>, Granada Eclipsa \u2013 Cuarto Real de Santo Domingo, Granada. 2018<\/li>\n<li><em>Piel de oto\u00f1o<\/em>, Fotopop Events \u2013 Edificio BIC, Barakaldo (Bizkaia). 2017<\/li>\n<li>Galer\u00eda Bozzetto, Bilbao. 2015<\/li>\n<li>Sala Torrene, Getxo (Bizkaia). 2014<\/li>\n<li>Galer\u00eda BlackBox, Bilbao. 2013<\/li>\n<li>Galer\u00eda Bozzetto, Bilbao. 2012<\/li>\n<\/ul>\n<p>EXPOSICIONES COLECTIVAS:<\/p>\n<ul>\n<li><em>Segunda edici\u00f3n Fotograf\u00eda Espa\u00f1ola Solidaria &#8211; PHES<\/em>. Centro Universitario de Artes TAI, Madrid. 2018<\/li>\n<li><em>Fotolibros Iberoamericanos<\/em>-Dispara, A Estrada (Pontevedra). 2018<\/li>\n<li><em>Fotolibros Iberoamericanos<\/em>-Fiebre Photobook, Madrid. 2017.<\/li>\n<li><em>Fotolibros Iberoamericanos<\/em>-Feria del Libro de Fotograf\u00eda de Lisboa (Portugal). 2017<\/li>\n<li><em>Muestra de fotolibros<\/em> \u2013 Festival Begira Photo, Biblioteca Municipal Bizenta Mogel, Durango (Bizkaia). 2017<\/li>\n<li><em>Alcanzar la cima<\/em> \u2013 Festival Begira Photo, Iurreta (Bizkaia). 2017<\/li>\n<li><em>Arbolada <\/em>&#8211; Festival Begira Photo, Museo de Arte e Historia de Durango (Bizkaia). 2016<\/li>\n<li><em>A matter of time, <\/em>Museo de la Fotograf\u00eda \u2013 Fundaci\u00f3n Antonio P\u00e9rez, Huete (Cuenca). 2015<\/li>\n<li><em>A matter of time, <\/em>Centro de Fotograf\u00eda Contempor\u00e1nea, Bilbao. 2015<\/li>\n<li>Galer\u00eda Bozzetto, Bilbao. 2012<\/li>\n<\/ul>\n<p>PROYECCIONES:<\/p>\n<ul>\n<li><em>Abismo<\/em>, Fotofestival Solar, Fortaleza (Brasil). 2018<\/li>\n<li><em>Radix<\/em>, Fotopop Weekend, Barakaldo (Bizkaia). 2018<\/li>\n<li><em>Radix<\/em>, III Edici\u00f3n Slideluck Montevideo (Uruguay). 2018<\/li>\n<li><em>Radix<\/em>, Granada Eclipsa, Granada. 2018<\/li>\n<li><em>Radix,<\/em> Festival Santander Photo, Santander. 2018<\/li>\n<li><em>Piel de oto\u00f1o<\/em>, Festival Fotoaplauso, Madrid. 2015<\/li>\n<li><em>Piel de oto\u00f1o<\/em>, Centro de Fotograf\u00eda Contempor\u00e1nea, Bilbao. 2015<\/li>\n<\/ul>\n<p>DISTINCIONES:<\/p>\n<ul>\n<li><em>Cartograf\u00eda de lo extra\u00f1o<\/em>. Premio I Certamen EX+S Expositivos 21-Le\u00f3n es Photo. 2021<\/li>\n<li><em>Syrma<\/em>. Proyecto ganador de la VII Beca Fotogr\u00e1fica AFTM. 2019<\/li>\n<li><em>O<\/em>. Menci\u00f3n Especial premio Argi Arantzazu. 2019<\/li>\n<li><em>Radix<\/em>. Finalista IV Concurso Fotoproyecciones \u2013 Festival Santander Photo. 2018<\/li>\n<\/ul>\n<p>LIBROS:<\/p>\n<ul>\n<li><em>Radix<\/em>, Son\u00e1mbulos Ediciones. 2023<\/li>\n<li><em>Syrma<\/em>, Ediciones Posibles. 2020<\/li>\n<li><em>Piel de oto\u00f1o<\/em>, Son\u00e1mbulos Ediciones. 2017<\/li>\n<\/ul>\n<p>PUBLICACIONES:<\/p>\n<ul>\n<li>Handbali Magazine n\u00ba5<\/li>\n<li>Yogurt Magazine<\/li>\n<li>Contratiempo n\u00ba19<\/li>\n<li>Pewen Cuadernos de Fotograf\u00eda n\u00ba3<\/li>\n<li>Fotofobia n\u00ba8<\/li>\n<\/ul>\n<p>DOCENCIA:<\/p>\n<ul>\n<li>Masterclass<em>\u00a0<\/em>en el M\u00e1ster en Fotograf\u00eda PhotoESPA\u00d1A\/PIC.A.<\/li>\n<li>Masterclass <em>Obra personal y metodolog\u00eda <\/em>en el M\u00e1ster en Fotograf\u00eda de Autor del CFC Bilbao.<\/li>\n<li>Taller <em>Mirando a trav\u00e9s del visor o c\u00f3mo contar historias desde el silencio<\/em>.<\/li>\n<\/ul>\n<p>FONDO DE OBRA:<\/p>\n<ul>\n<li>Ayuntamiento de Le\u00f3n<\/li>\n<li>Centro de Fotograf\u00eda Contempor\u00e1nea de Bilbao<\/li>\n<li>Colecciones privadas<\/li>\n<\/ul>\n","protected":false},"excerpt":{"rendered":"<p>EXPOSICIONES INDIVIDUALES: Cartograf\u00eda de lo extra\u00f1o, EX+S Expositivos21-Le\u00f3n es Photo. El Palac\u00edn, Le\u00f3n. 2021 Syrma, Festival Mirades. Museo Palau Solterra- Fundaci\u00f3n Vila Casas, Torroella de Montgr\u00ed (Girona). 2021 Radix, Viphoto Fest\u00b421. Intervenci\u00f3n en espacio p\u00fablico, Vitoria-Gasteiz (\u00c1lava). 2021 Piel de oto\u00f1o, Granada Eclipsa \u2013 Cuarto Real de Santo Domingo, Granada. 2018 Piel de oto\u00f1o, Fotopop [&hellip;]<\/p>\n","protected":false},"author":1,"featured_media":0,"parent":0,"menu_order":0,"comment_status":"closed","ping_status":"closed","template":"","meta":{"footnotes":""},"class_list":["post-844","page","type-page","status-publish","hentry"],"_links":{"self":[{"href":"https:\/\/www.davidinclan.com\/index.php\/wp-json\/wp\/v2\/pages\/844","targetHints":{"allow":["GET"]}}],"collection":[{"href":"https:\/\/www.davidinclan.com\/index.php\/wp-json\/wp\/v2\/pages"}],"about":[{"href":"https:\/\/www.davidinclan.com\/index.php\/wp-json\/wp\/v2\/types\/page"}],"author":[{"embeddable":true,"href":"https:\/\/www.davidinclan.com\/index.php\/wp-json\/wp\/v2\/users\/1"}],"replies":[{"embeddable":true,"href":"https:\/\/www.davidinclan.com\/index.php\/wp-json\/wp\/v2\/comments?post=844"}],"version-history":[{"count":55,"href":"https:\/\/www.davidinclan.com\/index.php\/wp-json\/wp\/v2\/pages\/844\/revisions"}],"predecessor-version":[{"id":2152,"href":"https:\/\/www.davidinclan.com\/index.php\/wp-json\/wp\/v2\/pages\/844\/revisions\/2152"}],"wp:attachment":[{"href":"https:\/\/www.davidinclan.com\/index.php\/wp-json\/wp\/v2\/media?parent=844"}],"curies":[{"name":"wp","href":"https:\/\/api.w.org\/{rel}","templated":true}]}}

<p>EXPOSICIONES INDIVIDUALES:</p>
<ul>
<li><em>Cartografía de lo extraño</em>, EX+S Expositivos21-León es Photo. El Palacín, León. 2021</li>
<li><i>Syrma</i>, Festival Mirades. Museo Palau Solterra- Fundación Vila Casas, Torroella de Montgrí (Girona). 2021</li>
<li><em>Radix, </em>Viphoto Fest´21. Intervención en espacio público, Vitoria-Gasteiz (Álava). 2021</li>
<li><em>Piel de otoño</em>, Granada Eclipsa – Cuarto Real de Santo Domingo, Granada. 2018</li>
<li><em>Piel de otoño</em>, Fotopop Events – Edificio BIC, Barakaldo (Bizkaia). 2017</li>
<li>Galería Bozzetto, Bilbao. 2015</li>
<li>Sala Torrene, Getxo (Bizkaia). 2014</li>
<li>Galería BlackBox, Bilbao. 2013</li>
<li>Galería Bozzetto, Bilbao. 2012</li>
</ul>
<p>EXPOSICIONES COLECTIVAS:</p>
<ul>
<li><em>Segunda edición Fotografía Española Solidaria &#8211; PHES</em>. Centro Universitario de Artes TAI, Madrid. 2018</li>
<li><em>Fotolibros Iberoamericanos</em>-Dispara, A Estrada (Pontevedra). 2018</li>
<li><em>Fotolibros Iberoamericanos</em>-Fiebre Photobook, Madrid. 2017.</li>
<li><em>Fotolibros Iberoamericanos</em>-Feria del Libro de Fotografía de Lisboa (Portugal). 2017</li>
<li><em>Muestra de fotolibros</em> – Festival Begira Photo, Biblioteca Municipal Bizenta Mogel, Durango (Bizkaia). 2017</li>
<li><em>Alcanzar la cima</em> – Festival Begira Photo, Iurreta (Bizkaia). 2017</li>
<li><em>Arbolada </em>&#8211; Festival Begira Photo, Museo de Arte e Historia de Durango (Bizkaia). 2016</li>
<li><em>A matter of time, </em>Museo de la Fotografía – Fundación Antonio Pérez, Huete (Cuenca). 2015</li>
<li><em>A matter of time, </em>Centro de Fotografía Contemporánea, Bilbao. 2015</li>
<li>Galería Bozzetto, Bilbao. 2012</li>
</ul>
<p>PROYECCIONES:</p>
<ul>
<li><em>Abismo</em>, Fotofestival Solar, Fortaleza (Brasil). 2018</li>
<li><em>Radix</em>, Fotopop Weekend, Barakaldo (Bizkaia). 2018</li>
<li><em>Radix</em>, III Edición Slideluck Montevideo (Uruguay). 2018</li>
<li><em>Radix</em>, Granada Eclipsa, Granada. 2018</li>
<li><em>Radix,</em> Festival Santander Photo, Santander. 2018</li>
<li><em>Piel de otoño</em>, Festival Fotoaplauso, Madrid. 2015</li>
<li><em>Piel de otoño</em>, Centro de Fotografía Contemporánea, Bilbao. 2015</li>
</ul>
<p>DISTINCIONES:</p>
<ul>
<li><em>Cartografía de lo extraño</em>. Premio I Certamen EX+S Expositivos 21-León es Photo. 2021</li>
<li><em>Syrma</em>. Proyecto ganador de la VII Beca Fotográfica AFTM. 2019</li>
<li><em>O</em>. Mención Especial premio Argi Arantzazu. 2019</li>
<li><em>Radix</em>. Finalista IV Concurso Fotoproyecciones – Festival Santander Photo. 2018</li>
</ul>
<p>LIBROS:</p>
<ul>
<li><em>Radix</em>, Sonámbulos Ediciones. 2023</li>
<li><em>Syrma</em>, Ediciones Posibles. 2020</li>
<li><em>Piel de otoño</em>, Sonámbulos Ediciones. 2017</li>
</ul>
<p>PUBLICACIONES:</p>
<ul>
<li>Handbali Magazine nº5</li>
<li>Yogurt Magazine</li>
<li>Contratiempo nº19</li>
<li>Pewen Cuadernos de Fotografía nº3</li>
<li>Fotofobia nº8</li>
</ul>
<p>DOCENCIA:</p>
<ul>
<li>Masterclass<em> </em>en el Máster en Fotografía PhotoESPAÑA/PIC.A.</li>
<li>Masterclass <em>Obra personal y metodología </em>en el Máster en Fotografía de Autor del CFC Bilbao.</li>
<li>Taller <em>Mirando a través del visor o cómo contar historias desde el silencio</em>.</li>
</ul>
<p>FONDO DE OBRA:</p>
<ul>
<li>Ayuntamiento de León</li>
<li>Centro de Fotografía Contemporánea de Bilbao</li>
<li>Colecciones privadas</li>
</ul>

<p>EXPOSICIONES INDIVIDUALES: Cartografía de lo extraño, EX+S Expositivos21-León es Photo. El Palacín, León. 2021 Syrma, Festival Mirades. Museo Palau Solterra- Fundación Vila Casas, Torroella de Montgrí (Girona). 2021 Radix, Viphoto Fest´21. Intervención en espacio público, Vitoria-Gasteiz (Álava). 2021 Piel de otoño, Granada Eclipsa – Cuarto Real de Santo Domingo, Granada. 2018 Piel de otoño, Fotopop [&hellip;]</p>
